{"id":555,"date":"2024-12-04T02:32:43","date_gmt":"2024-12-04T01:32:43","guid":{"rendered":"https:\/\/smc-alumni.ch\/?page_id=555"},"modified":"2025-04-07T00:16:11","modified_gmt":"2025-04-06T22:16:11","slug":"smc-alumni-3-2","status":"publish","type":"page","link":"https:\/\/smc-alumni.ch\/?page_id=555","title":{"rendered":"Devenir membre"},"content":{"rendered":"<div class=\"wpb-content-wrapper\">[vc_row full_height=\u00a0\u00bbyes\u00a0\u00bb css=\u00a0\u00bb.vc_custom_1733326504664{background-color: rgba(255,255,255,0.8) !important;*background-color: rgb(255,255,255) !important;}\u00a0\u00bb][vc_column][vc_row_inner css=\u00a0\u00bb.vc_custom_1733272043216{padding-right: 40px !important;padding-left: 40px !important;}\u00a0\u00bb][vc_column_inner]<div class=\"vcex-spacing wpex-w-100 wpex-clear\"><\/div>[vc_column_text css=\u00a0\u00bb\u00a0\u00bb]\n<h1><span class=\"wpex-text-2xl\">Rejoindre SMC ALUMNI<\/span><\/h1>\n[\/vc_column_text]<div class=\"vcex-spacing wpex-w-100 wpex-clear\"><\/div>[vc_column_text css=\u00a0\u00bb\u00a0\u00bb]\n<p style=\"text-align: justify;\"><span class=\"wpex-text-lg\">Si vous avez particip\u00e9 \u00e0 la phase orale, si vous avez fait partie du jury ou si vous avez \u00e9t\u00e9 membre du comit\u00e9 d&rsquo;organisation du Swiss Moot Court, nous attendons votre inscription !<\/span><\/p>\n<p style=\"text-align: justify;\"><span class=\"wpex-text-lg\">Rejoindre les alumnis du SMC est un excellent moyen de maintenir le lien avec un concours qui vous a certainement beaucoup marqu\u00e9 et, par la m\u00eame occasion, \u00e9changer avec d&rsquo;autres alumnis du SMC avec qui vous avez d\u00e9j\u00e0 au moins un beau point commun.<\/span><\/p>\n<p style=\"text-align: justify;\"><span class=\"wpex-text-lg\">Nous organisons r\u00e9guli\u00e8rement des \u00e9v\u00e9nements dans les petites communaut\u00e9s r\u00e9gionales, ainsi qu&rsquo;un Summer Event r\u00e9unissant toutes les r\u00e9gions. Les alumnis sont \u00e9galement convi\u00e9s chaque ann\u00e9e \u00e0 l&rsquo;ap\u00e9ritif de lancement de la phase orale du Swiss Moot Court.<\/span><\/p>\n<p style=\"text-align: justify;\"><span class=\"wpex-text-lg\">La cotisation s&rsquo;\u00e9l\u00e8ve \u00e0 CHF 50.- par ann\u00e9e.<\/span><\/p>\n<p style=\"text-align: justify;\"><span class=\"wpex-text-lg\">Veuillez noter que votre adh\u00e9sion ne prendra effet qu&rsquo;apr\u00e8s confirmation par le Comit\u00e9 du SMC ALUMNI et que celui-ci peut refuser votre inscription sans motifs.<\/span><\/p>\n<p style=\"text-align: justify;\"><span class=\"wpex-text-lg\">Remplissez le formulaire ci-dessous pour nous rejoindre.<\/span><\/p>\n[\/vc_column_text]<div class=\"vcex-spacing wpex-w-100 wpex-clear\" style=\"height:55px;\"><\/div>[vc_separator css=\u00a0\u00bb.vc_custom_1733315476300{background-color: #b5b5b5 !important;}\u00a0\u00bb]<div class=\"vcex-spacing wpex-w-100 wpex-clear\" style=\"height:25px;\"><\/div>[vc_column_text css=\u00a0\u00bb\u00a0\u00bb]\n<div class=\"wpcf7 no-js\" id=\"wpcf7-f534-o1\" lang=\"fr-FR\" dir=\"ltr\" data-wpcf7-id=\"534\">\n<div class=\"screen-reader-response\"><p role=\"status\" aria-live=\"polite\" aria-atomic=\"true\"><\/p> <ul><\/ul><\/div>\n<form action=\"\/index.php?rest_route=%2Fwp%2Fv2%2Fpages%2F555#wpcf7-f534-o1\" method=\"post\" class=\"wpcf7-form init wpcf7-acceptance-as-validation\" aria-label=\"Formulaire de contact\" novalidate=\"novalidate\" data-status=\"init\">\n<fieldset class=\"hidden-fields-container\"><input type=\"hidden\" name=\"_wpcf7\" value=\"534\" \/><input type=\"hidden\" name=\"_wpcf7_version\" value=\"6.1.5\" \/><input type=\"hidden\" name=\"_wpcf7_locale\" value=\"fr_FR\" \/><input type=\"hidden\" name=\"_wpcf7_unit_tag\" value=\"wpcf7-f534-o1\" \/><input type=\"hidden\" name=\"_wpcf7_container_post\" value=\"0\" \/><input type=\"hidden\" name=\"_wpcf7_posted_data_hash\" value=\"\" \/><input type=\"hidden\" name=\"_uacf7_hidden_conditional_fields\" value=\"\" \/><input type=\"hidden\" name=\"_wpcf7_recaptcha_response\" value=\"\" \/>\n<\/fieldset>\n<div class=\"uacf7-form-wrapper-container uacf7-form-534  \"><h4>\n\n<div class=\"uacf7-row\">\n<div class=\"uacf7-col-6\"> <label><strong>Pr\u00e9nom<\/strong><\/label><span class=\"wpcf7-form-control-wrap\" data-name=\"your-name\"><input size=\"40\" maxlength=\"400\" class=\"wpcf7-form-control wpcf7-text wpcf7-validates-as-required\" aria-required=\"true\" aria-invalid=\"false\" value=\"\" type=\"text\" name=\"your-name\" \/><\/span> <\/div>\n<div class=\"uacf7-col-6\"> <label><strong>Nom<\/strong><\/label><span class=\"wpcf7-form-control-wrap\" data-name=\"your-lastname\"><input size=\"40\" maxlength=\"400\" class=\"wpcf7-form-control wpcf7-text wpcf7-validates-as-required\" aria-required=\"true\" aria-invalid=\"false\" value=\"\" type=\"text\" name=\"your-lastname\" \/><\/span> <\/div>\n<\/div><br>\n\n\n<div class=\"uacf7-row\">\n<div class=\"uacf7-col-6\"> <label><strong>Adresse e-mail<\/strong><\/label><span class=\"wpcf7-form-control-wrap\" data-name=\"your-email\"><input size=\"40\" maxlength=\"400\" class=\"wpcf7-form-control wpcf7-email wpcf7-validates-as-required wpcf7-text wpcf7-validates-as-email\" aria-required=\"true\" aria-invalid=\"false\" value=\"\" type=\"email\" name=\"your-email\" \/><\/span> <\/div>\n<div class=\"uacf7-col-6\"> <label><strong>Lien avec le SMC<\/strong><\/label><span class=\"wpcf7-form-control-wrap\" data-name=\"relationship\"><select class=\"wpcf7-form-control wpcf7-select wpcf7-validates-as-required\" aria-required=\"true\" aria-invalid=\"false\" name=\"relationship\"><option value=\"Participant \u00e0 la phase orale\">Participant \u00e0 la phase orale<\/option><option value=\"Membre du jury\">Membre du jury<\/option><option value=\"Membre du comit\u00e9 d&#039;organisation\">Membre du comit\u00e9 d&#039;organisation<\/option><option value=\"Autre\">Autre<\/option><\/select><\/span> <\/div>\n<\/div><br>\n\n\n<div class=\"uacf7-row\">\n<div class=\"uacf7-col-6\"> <label><strong>Rue et num\u00e9ro<\/strong><\/label><span class=\"wpcf7-form-control-wrap\" data-name=\"your-street\"><input size=\"40\" maxlength=\"400\" class=\"wpcf7-form-control wpcf7-text wpcf7-validates-as-required\" aria-required=\"true\" aria-invalid=\"false\" value=\"\" type=\"text\" name=\"your-street\" \/><\/span> <\/div>\n<div class=\"uacf7-col-6\"> <label><strong>NPA<\/strong><\/label><span class=\"wpcf7-form-control-wrap\" data-name=\"your-NPA\"><input size=\"40\" maxlength=\"400\" class=\"wpcf7-form-control wpcf7-text wpcf7-validates-as-required\" aria-required=\"true\" aria-invalid=\"false\" value=\"\" type=\"text\" name=\"your-NPA\" \/><\/span> <\/div>\n<\/div><br>\n\n\n<div class=\"uacf7-row\">\n<div class=\"uacf7-col-6\"> <label><strong>Lieu<\/strong><\/label><span class=\"wpcf7-form-control-wrap\" data-name=\"your-place\"><input size=\"40\" maxlength=\"400\" class=\"wpcf7-form-control wpcf7-text wpcf7-validates-as-required\" aria-required=\"true\" aria-invalid=\"false\" value=\"\" type=\"text\" name=\"your-place\" \/><\/span> <\/div>\n<div class=\"uacf7-col-6\"> <label><strong>Pays<\/strong><\/label><span class=\"wpcf7-form-control-wrap\" data-name=\"your-country\"><input size=\"40\" maxlength=\"400\" class=\"wpcf7-form-control wpcf7-text wpcf7-validates-as-required\" aria-required=\"true\" aria-invalid=\"false\" value=\"\" type=\"text\" name=\"your-country\" \/><\/span> <\/div>\n<\/div><br>\n\n\n<div class=\"uacf7-row\">\n<div class=\"uacf7-col-12\"> <span class=\"wpcf7-form-control-wrap\" data-name=\"acceptance-statuts\"><span class=\"wpcf7-form-control wpcf7-acceptance\"><span class=\"wpcf7-list-item\"><label><input type=\"checkbox\" name=\"acceptance-statuts\" value=\"1\" aria-invalid=\"false\" \/><span class=\"wpcf7-list-item-label\"><strong>J'ai lu et j'adh\u00e8re aux <a href=\"http:\/\/smc-alumni.ch\/wp-content\/uploads\/2022\/10\/221022-SMC-Alumni-Statuten.pdf\">statuts<\/a>.<\/strong><\/span><\/label><\/span><\/span><\/span> <\/div>\n<\/div><br>\n\n\n<div class=\"uacf7-row\">\n<div class=\"uacf7-col-12\"> <span class=\"wpcf7-form-control-wrap\" data-name=\"acceptance-cotisation\"><span class=\"wpcf7-form-control wpcf7-acceptance\"><span class=\"wpcf7-list-item\"><label><input type=\"checkbox\" name=\"acceptance-cotisation\" value=\"1\" aria-invalid=\"false\" \/><span class=\"wpcf7-list-item-label\"><strong>J'ai compris que les statuts pr\u00e9voient le paiement d'une cotisation annuelle d'au moins CHF 50.-.<\/strong><\/span><\/label><\/span><\/span><\/span> <\/div>\n<\/div><br>\n\n\n<div class=\"uacf7-row\">\n<div class=\"uacf7-col-12\"> <span class=\"wpcf7-form-control-wrap\" data-name=\"acceptance-data\"><span class=\"wpcf7-form-control wpcf7-acceptance\"><span class=\"wpcf7-list-item\"><label><input type=\"checkbox\" name=\"acceptance-data\" value=\"1\" aria-invalid=\"false\" \/><span class=\"wpcf7-list-item-label\"><strong>J'accepte que mes donn\u00e9es soient trait\u00e9es par le Comit\u00e9.<\/strong><\/span><\/label><\/span><\/span><\/span> <\/div>\n<\/div><br>\n\n\n<input class=\"wpcf7-form-control wpcf7-submit has-spinner\" type=\"submit\" value=\"Devenir membre\" \/>\n\n<\/h4><\/div><div class=\"wpcf7-response-output\" aria-hidden=\"true\"><\/div>\n<\/form>\n<\/div>\n[\/vc_column_text][\/vc_column_inner][\/vc_row_inner][\/vc_column][\/vc_row][vc_section css=\u00a0\u00bb.vc_custom_1733057331351{background-color: #2b3577 !important;}\u00a0\u00bb][vc_row full_width=\u00a0\u00bbstretch_row\u00a0\u00bb css=\u00a0\u00bb.vc_custom_1733056573673{background-color: #2b3577 !important;}\u00a0\u00bb][vc_column]<div class=\"vcex-spacing wpex-w-100 wpex-clear\" style=\"height:45px;\"><\/div>[vc_column_text css=\u00a0\u00bb\u00a0\u00bb color=\u00a0\u00bb#ffffff\u00a0\u00bb]\n<h1><strong><span class=\"wpex-text-2xl\">Prochain(s) \u00e9v\u00e9nement(s)<\/span><\/strong><\/h1>\n[\/vc_column_text]<!=========Events list Template 2.6.2=========><div id=\"ect-events-list-content\"><div id=\"list-wrp\" class=\"ect-list-wrapper all\"><div id=\"event-781\" class=\"ect-list-post style-1 ect-simple-event future\"><div class=\"ect-list-post-left \">\n\t\t\t\t<div class=\"ect-list-img\" style=\"background-image:url(&#039;https:\/\/smc-alumni.ch\/wp-content\/uploads\/2025\/12\/Tribunal-federal-1-1024x465.jpg&#039;);background-size:cover;\"><a href=\"https:\/\/smc-alumni.ch\/?tribe_events=visite-du-tribunal-federal\" alt=\"Visite du Tribunal f\u00e9d\u00e9ral\" rel=\"bookmark\"><div class=\"ect-list-date\"><div class=\"ect-date-area default-schedule\"><span class=\"ev-day\">17<\/span>\n\t\t\t\t\t<span class=\"ev-mo\">avril<\/span>\n\t\t\t\t\t<span class=\"ev-yr\">2026<\/span><\/div><\/div><\/a><\/div><\/div><!-- left-post close --><div class=\"ect-list-post-right\">\n\t\t\t\t<div class=\"ect-list-post-right-table\"><div class=\"ect-list-description\" style=\"width:100%;\"><h2 class=\"ect-list-title\"><a class=\"ect-event-url\" href=\"https:\/\/smc-alumni.ch\/?tribe_events=visite-du-tribunal-federal\" rel=\"bookmark\">Visite du Tribunal f\u00e9d\u00e9ral<\/a><\/h2><!-- Event Content --><div class=\"ect-event-content\"><p>Le Swiss Moot Court a toujours pu s'enorgueillir du lien tr\u00e8s particulier qu'il entretient avec la plus haute juridiction helv\u00e9tique : le Tribunal f\u00e9d\u00e9ral. En effet,le jury du Swiss Moot&hellip;<\/p>\n<\/div><a href=\"https:\/\/smc-alumni.ch\/?tribe_events=visite-du-tribunal-federal\" class=\"ect-events-read-more\" rel=\"bookmark\">Inscription \/ Anmeldung<\/a><\/div><\/div><\/div><!-- right-wrapper close --><\/div><!-- event-loop-end --><\/div><\/div><div class=\"vcex-spacing wpex-w-100 wpex-clear\" style=\"height:30px;\"><\/div>[\/vc_column][\/vc_row][\/vc_section][vc_section full_width=\u00a0\u00bbstretch_row\u00a0\u00bb css=\u00a0\u00bb.vc_custom_1733058967624{background-color: #4c4c4c !important;}\u00a0\u00bb][vc_row][vc_column]<div class=\"vcex-spacing wpex-w-100 wpex-clear\" style=\"height:45px;\"><\/div>[vc_column_text css=\u00a0\u00bb\u00a0\u00bb color=\u00a0\u00bb#ffffff\u00a0\u00bb]\n<h1><strong><span class=\"wpex-text-2xl\">Pr\u00e9c\u00e9dents \u00e9v\u00e9nements<\/span><br \/>\n<\/strong><\/h1>\n[\/vc_column_text]<div class=\"vcex-spacing wpex-w-100 wpex-clear\"><\/div><div class=\"vcex-image-grid-wrap wpex-clr\"><div class=\"vcex-module vcex-image-grid vcex-justified-gallery wpex-clr wpex-lightbox-group\" data-justified-gallery=\"{&quot;selector&quot;:&quot;vcex-image-grid-entry&quot;,&quot;margins&quot;:5,&quot;rowHeight&quot;:200,&quot;lastRow&quot;:&quot;center&quot;,&quot;captions&quot;:false}\"><div class=\"id-19 vcex-image-grid-entry vcex-grid-item textcenter\"><figure class=\"vcex-image-grid-entry-figure wpex-last-mb-0 wpex-clr\"><div class=\"vcex-image-grid-entry-img entry-media wpex-mb-20\"><a href=\"https:\/\/smc-alumni.ch\/wp-content\/uploads\/2022\/05\/IMG_0701-scaled.jpeg\" class=\"vcex-image-grid-entry-link wpex-lightbox-group-item\" ><img width=\"2560\" height=\"1920\" src=\"https:\/\/smc-alumni.ch\/wp-content\/uploads\/2022\/05\/IMG_0701-scaled.jpeg\" class=\"wpex-align-middle skip-lazy\" alt=\"\" data-no-lazy=\"1\" srcset=\"https:\/\/smc-alumni.ch\/wp-content\/uploads\/2022\/05\/IMG_0701-scaled.jpeg 2560w, https:\/\/smc-alumni.ch\/wp-content\/uploads\/2022\/05\/IMG_0701-300x225.jpeg 300w, https:\/\/smc-alumni.ch\/wp-content\/uploads\/2022\/05\/IMG_0701-1024x768.jpeg 1024w, https:\/\/smc-alumni.ch\/wp-content\/uploads\/2022\/05\/IMG_0701-768x576.jpeg 768w, https:\/\/smc-alumni.ch\/wp-content\/uploads\/2022\/05\/IMG_0701-1536x1152.jpeg 1536w, https:\/\/smc-alumni.ch\/wp-content\/uploads\/2022\/05\/IMG_0701-2048x1536.jpeg 2048w\" sizes=\"(max-width: 2560px) 100vw, 2560px\" \/><\/a><\/div><\/figure><\/div><div class=\"id-82 vcex-image-grid-entry vcex-grid-item textcenter\"><figure class=\"vcex-image-grid-entry-figure wpex-last-mb-0 wpex-clr\"><div class=\"vcex-image-grid-entry-img entry-media wpex-mb-20\"><a href=\"https:\/\/smc-alumni.ch\/wp-content\/uploads\/2022\/08\/DSCF5838.jpeg\" class=\"vcex-image-grid-entry-link wpex-lightbox-group-item\" ><img width=\"854\" height=\"1280\" src=\"https:\/\/smc-alumni.ch\/wp-content\/uploads\/2022\/08\/DSCF5838.jpeg\" class=\"wpex-align-middle skip-lazy\" alt=\"\" data-no-lazy=\"1\" srcset=\"https:\/\/smc-alumni.ch\/wp-content\/uploads\/2022\/08\/DSCF5838.jpeg 854w, https:\/\/smc-alumni.ch\/wp-content\/uploads\/2022\/08\/DSCF5838-200x300.jpeg 200w, https:\/\/smc-alumni.ch\/wp-content\/uploads\/2022\/08\/DSCF5838-683x1024.jpeg 683w, https:\/\/smc-alumni.ch\/wp-content\/uploads\/2022\/08\/DSCF5838-768x1151.jpeg 768w\" sizes=\"(max-width: 854px) 100vw, 854px\" \/><\/a><\/div><\/figure><\/div><div class=\"id-78 vcex-image-grid-entry vcex-grid-item textcenter\"><figure class=\"vcex-image-grid-entry-figure wpex-last-mb-0 wpex-clr\"><div class=\"vcex-image-grid-entry-img entry-media wpex-mb-20\"><a href=\"https:\/\/smc-alumni.ch\/wp-content\/uploads\/2022\/08\/DSCF5692.jpeg\" class=\"vcex-image-grid-entry-link wpex-lightbox-group-item\" ><img width=\"1280\" height=\"854\" src=\"https:\/\/smc-alumni.ch\/wp-content\/uploads\/2022\/08\/DSCF5692.jpeg\" class=\"wpex-align-middle skip-lazy\" alt=\"\" data-no-lazy=\"1\" srcset=\"https:\/\/smc-alumni.ch\/wp-content\/uploads\/2022\/08\/DSCF5692.jpeg 1280w, https:\/\/smc-alumni.ch\/wp-content\/uploads\/2022\/08\/DSCF5692-300x200.jpeg 300w, https:\/\/smc-alumni.ch\/wp-content\/uploads\/2022\/08\/DSCF5692-1024x683.jpeg 1024w, https:\/\/smc-alumni.ch\/wp-content\/uploads\/2022\/08\/DSCF5692-768x512.jpeg 768w\" sizes=\"(max-width: 1280px) 100vw, 1280px\" \/><\/a><\/div><\/figure><\/div><div class=\"id-88 vcex-image-grid-entry vcex-grid-item textcenter\"><figure class=\"vcex-image-grid-entry-figure wpex-last-mb-0 wpex-clr\"><div class=\"vcex-image-grid-entry-img entry-media wpex-mb-20\"><a href=\"https:\/\/smc-alumni.ch\/wp-content\/uploads\/2022\/08\/DSCF5969.jpeg\" class=\"vcex-image-grid-entry-link wpex-lightbox-group-item\" ><img width=\"854\" height=\"1280\" src=\"https:\/\/smc-alumni.ch\/wp-content\/uploads\/2022\/08\/DSCF5969.jpeg\" class=\"wpex-align-middle skip-lazy\" alt=\"\" data-no-lazy=\"1\" srcset=\"https:\/\/smc-alumni.ch\/wp-content\/uploads\/2022\/08\/DSCF5969.jpeg 854w, https:\/\/smc-alumni.ch\/wp-content\/uploads\/2022\/08\/DSCF5969-200x300.jpeg 200w, https:\/\/smc-alumni.ch\/wp-content\/uploads\/2022\/08\/DSCF5969-683x1024.jpeg 683w, https:\/\/smc-alumni.ch\/wp-content\/uploads\/2022\/08\/DSCF5969-768x1151.jpeg 768w\" sizes=\"(max-width: 854px) 100vw, 854px\" \/><\/a><\/div><\/figure><\/div><div class=\"id-99 vcex-image-grid-entry vcex-grid-item textcenter\"><figure class=\"vcex-image-grid-entry-figure wpex-last-mb-0 wpex-clr\"><div class=\"vcex-image-grid-entry-img entry-media wpex-mb-20\"><a href=\"https:\/\/smc-alumni.ch\/wp-content\/uploads\/2022\/08\/DSCF6443.jpeg\" class=\"vcex-image-grid-entry-link wpex-lightbox-group-item\" ><img width=\"854\" height=\"1280\" src=\"https:\/\/smc-alumni.ch\/wp-content\/uploads\/2022\/08\/DSCF6443.jpeg\" class=\"wpex-align-middle skip-lazy\" alt=\"\" data-no-lazy=\"1\" srcset=\"https:\/\/smc-alumni.ch\/wp-content\/uploads\/2022\/08\/DSCF6443.jpeg 854w, https:\/\/smc-alumni.ch\/wp-content\/uploads\/2022\/08\/DSCF6443-200x300.jpeg 200w, https:\/\/smc-alumni.ch\/wp-content\/uploads\/2022\/08\/DSCF6443-683x1024.jpeg 683w, https:\/\/smc-alumni.ch\/wp-content\/uploads\/2022\/08\/DSCF6443-768x1151.jpeg 768w\" sizes=\"(max-width: 854px) 100vw, 854px\" \/><\/a><\/div><\/figure><\/div><div class=\"id-143 vcex-image-grid-entry vcex-grid-item textcenter\"><figure class=\"vcex-image-grid-entry-figure wpex-last-mb-0 wpex-clr\"><div class=\"vcex-image-grid-entry-img entry-media wpex-mb-20\"><a href=\"https:\/\/smc-alumni.ch\/wp-content\/uploads\/2022\/10\/DSCF6860-scaled.jpg\" class=\"vcex-image-grid-entry-link wpex-lightbox-group-item\" ><img width=\"2560\" height=\"1706\" src=\"https:\/\/smc-alumni.ch\/wp-content\/uploads\/2022\/10\/DSCF6860-scaled.jpg\" class=\"wpex-align-middle skip-lazy\" alt=\"\" data-no-lazy=\"1\" srcset=\"https:\/\/smc-alumni.ch\/wp-content\/uploads\/2022\/10\/DSCF6860-scaled.jpg 2560w, https:\/\/smc-alumni.ch\/wp-content\/uploads\/2022\/10\/DSCF6860-300x200.jpg 300w, https:\/\/smc-alumni.ch\/wp-content\/uploads\/2022\/10\/DSCF6860-1024x683.jpg 1024w, https:\/\/smc-alumni.ch\/wp-content\/uploads\/2022\/10\/DSCF6860-768x512.jpg 768w, https:\/\/smc-alumni.ch\/wp-content\/uploads\/2022\/10\/DSCF6860-1536x1024.jpg 1536w, https:\/\/smc-alumni.ch\/wp-content\/uploads\/2022\/10\/DSCF6860-2048x1365.jpg 2048w\" sizes=\"(max-width: 2560px) 100vw, 2560px\" \/><\/a><\/div><\/figure><\/div><div class=\"id-174 vcex-image-grid-entry vcex-grid-item textcenter\"><figure class=\"vcex-image-grid-entry-figure wpex-last-mb-0 wpex-clr\"><div class=\"vcex-image-grid-entry-img entry-media wpex-mb-20\"><a href=\"https:\/\/smc-alumni.ch\/wp-content\/uploads\/2023\/08\/IMG_7871-scaled.jpg\" class=\"vcex-image-grid-entry-link wpex-lightbox-group-item\" ><img width=\"2560\" height=\"1707\" src=\"https:\/\/smc-alumni.ch\/wp-content\/uploads\/2023\/08\/IMG_7871-scaled.jpg\" class=\"wpex-align-middle skip-lazy\" alt=\"\" data-no-lazy=\"1\" srcset=\"https:\/\/smc-alumni.ch\/wp-content\/uploads\/2023\/08\/IMG_7871-scaled.jpg 2560w, https:\/\/smc-alumni.ch\/wp-content\/uploads\/2023\/08\/IMG_7871-300x200.jpg 300w, https:\/\/smc-alumni.ch\/wp-content\/uploads\/2023\/08\/IMG_7871-1024x683.jpg 1024w, https:\/\/smc-alumni.ch\/wp-content\/uploads\/2023\/08\/IMG_7871-768x512.jpg 768w, https:\/\/smc-alumni.ch\/wp-content\/uploads\/2023\/08\/IMG_7871-1536x1024.jpg 1536w, https:\/\/smc-alumni.ch\/wp-content\/uploads\/2023\/08\/IMG_7871-2048x1365.jpg 2048w\" sizes=\"(max-width: 2560px) 100vw, 2560px\" \/><\/a><\/div><\/figure><\/div><div class=\"id-178 vcex-image-grid-entry vcex-grid-item textcenter\"><figure class=\"vcex-image-grid-entry-figure wpex-last-mb-0 wpex-clr\"><div class=\"vcex-image-grid-entry-img entry-media wpex-mb-20\"><a href=\"https:\/\/smc-alumni.ch\/wp-content\/uploads\/2023\/08\/IMG_7898-scaled.jpg\" class=\"vcex-image-grid-entry-link wpex-lightbox-group-item\" ><img width=\"2560\" height=\"1707\" src=\"https:\/\/smc-alumni.ch\/wp-content\/uploads\/2023\/08\/IMG_7898-scaled.jpg\" class=\"wpex-align-middle skip-lazy\" alt=\"\" data-no-lazy=\"1\" srcset=\"https:\/\/smc-alumni.ch\/wp-content\/uploads\/2023\/08\/IMG_7898-scaled.jpg 2560w, https:\/\/smc-alumni.ch\/wp-content\/uploads\/2023\/08\/IMG_7898-300x200.jpg 300w, https:\/\/smc-alumni.ch\/wp-content\/uploads\/2023\/08\/IMG_7898-1024x683.jpg 1024w, https:\/\/smc-alumni.ch\/wp-content\/uploads\/2023\/08\/IMG_7898-768x512.jpg 768w, https:\/\/smc-alumni.ch\/wp-content\/uploads\/2023\/08\/IMG_7898-1536x1024.jpg 1536w, https:\/\/smc-alumni.ch\/wp-content\/uploads\/2023\/08\/IMG_7898-2048x1365.jpg 2048w\" sizes=\"(max-width: 2560px) 100vw, 2560px\" \/><\/a><\/div><\/figure><\/div><div class=\"id-184 vcex-image-grid-entry vcex-grid-item textcenter\"><figure class=\"vcex-image-grid-entry-figure wpex-last-mb-0 wpex-clr\"><div class=\"vcex-image-grid-entry-img entry-media wpex-mb-20\"><a href=\"https:\/\/smc-alumni.ch\/wp-content\/uploads\/2023\/08\/IMG_7965-scaled.jpg\" class=\"vcex-image-grid-entry-link wpex-lightbox-group-item\" ><img width=\"2560\" height=\"1707\" src=\"https:\/\/smc-alumni.ch\/wp-content\/uploads\/2023\/08\/IMG_7965-scaled.jpg\" class=\"wpex-align-middle skip-lazy\" alt=\"\" data-no-lazy=\"1\" srcset=\"https:\/\/smc-alumni.ch\/wp-content\/uploads\/2023\/08\/IMG_7965-scaled.jpg 2560w, https:\/\/smc-alumni.ch\/wp-content\/uploads\/2023\/08\/IMG_7965-300x200.jpg 300w, https:\/\/smc-alumni.ch\/wp-content\/uploads\/2023\/08\/IMG_7965-1024x683.jpg 1024w, https:\/\/smc-alumni.ch\/wp-content\/uploads\/2023\/08\/IMG_7965-768x512.jpg 768w, https:\/\/smc-alumni.ch\/wp-content\/uploads\/2023\/08\/IMG_7965-1536x1024.jpg 1536w, https:\/\/smc-alumni.ch\/wp-content\/uploads\/2023\/08\/IMG_7965-2048x1365.jpg 2048w\" sizes=\"(max-width: 2560px) 100vw, 2560px\" \/><\/a><\/div><\/figure><\/div><div class=\"id-226 vcex-image-grid-entry vcex-grid-item textcenter\"><figure class=\"vcex-image-grid-entry-figure wpex-last-mb-0 wpex-clr\"><div class=\"vcex-image-grid-entry-img entry-media wpex-mb-20\"><a href=\"https:\/\/smc-alumni.ch\/wp-content\/uploads\/2024\/08\/SMC-ALUMNI-Summerevent-22-scaled.jpg\" class=\"vcex-image-grid-entry-link wpex-lightbox-group-item\" ><img width=\"1920\" height=\"2560\" src=\"https:\/\/smc-alumni.ch\/wp-content\/uploads\/2024\/08\/SMC-ALUMNI-Summerevent-22-scaled.jpg\" class=\"wpex-align-middle skip-lazy\" alt=\"\" data-no-lazy=\"1\" srcset=\"https:\/\/smc-alumni.ch\/wp-content\/uploads\/2024\/08\/SMC-ALUMNI-Summerevent-22-scaled.jpg 1920w, https:\/\/smc-alumni.ch\/wp-content\/uploads\/2024\/08\/SMC-ALUMNI-Summerevent-22-225x300.jpg 225w, https:\/\/smc-alumni.ch\/wp-content\/uploads\/2024\/08\/SMC-ALUMNI-Summerevent-22-768x1024.jpg 768w, https:\/\/smc-alumni.ch\/wp-content\/uploads\/2024\/08\/SMC-ALUMNI-Summerevent-22-1152x1536.jpg 1152w, https:\/\/smc-alumni.ch\/wp-content\/uploads\/2024\/08\/SMC-ALUMNI-Summerevent-22-1536x2048.jpg 1536w\" sizes=\"(max-width: 1920px) 100vw, 1920px\" \/><\/a><\/div><\/figure><\/div><div class=\"id-228 vcex-image-grid-entry vcex-grid-item textcenter\"><figure class=\"vcex-image-grid-entry-figure wpex-last-mb-0 wpex-clr\"><div class=\"vcex-image-grid-entry-img entry-media wpex-mb-20\"><a href=\"https:\/\/smc-alumni.ch\/wp-content\/uploads\/2024\/08\/SMC-ALUMNI-Summerevent-24-scaled.jpg\" class=\"vcex-image-grid-entry-link wpex-lightbox-group-item\" ><img width=\"2560\" height=\"1920\" src=\"https:\/\/smc-alumni.ch\/wp-content\/uploads\/2024\/08\/SMC-ALUMNI-Summerevent-24-scaled.jpg\" class=\"wpex-align-middle skip-lazy\" alt=\"\" data-no-lazy=\"1\" srcset=\"https:\/\/smc-alumni.ch\/wp-content\/uploads\/2024\/08\/SMC-ALUMNI-Summerevent-24-scaled.jpg 2560w, https:\/\/smc-alumni.ch\/wp-content\/uploads\/2024\/08\/SMC-ALUMNI-Summerevent-24-300x225.jpg 300w, https:\/\/smc-alumni.ch\/wp-content\/uploads\/2024\/08\/SMC-ALUMNI-Summerevent-24-1024x768.jpg 1024w, https:\/\/smc-alumni.ch\/wp-content\/uploads\/2024\/08\/SMC-ALUMNI-Summerevent-24-768x576.jpg 768w, https:\/\/smc-alumni.ch\/wp-content\/uploads\/2024\/08\/SMC-ALUMNI-Summerevent-24-1536x1152.jpg 1536w, https:\/\/smc-alumni.ch\/wp-content\/uploads\/2024\/08\/SMC-ALUMNI-Summerevent-24-2048x1536.jpg 2048w\" sizes=\"(max-width: 2560px) 100vw, 2560px\" \/><\/a><\/div><\/figure><\/div><\/div><\/div><div class=\"vcex-spacing wpex-w-100 wpex-clear\" style=\"height:45px;\"><\/div>[\/vc_column][\/vc_row][\/vc_section]\n<\/div>","protected":false},"excerpt":{"rendered":"<p>[vc_row full_height=\u00a0\u00bbyes\u00a0\u00bb css=\u00a0\u00bb.vc_custom_1733326504664{background-color: rgba(255,255,255,0.8) !important;*background-color: rgb(255,255,255) !important;}\u00a0\u00bb][vc_column][vc_row_inner css=\u00a0\u00bb.vc_custom_1733272043216{padding-right: 40px !important;padding-left: 40px !important;}\u00a0\u00bb][vc_column_inner][vc_column_text css=\u00a0\u00bb\u00a0\u00bb] Rejoindre SMC ALUMNI [\/vc_column_text][vc_column_text css=\u00a0\u00bb\u00a0\u00bb] Si vous avez particip\u00e9 \u00e0 la phase orale, si vous avez fait&hellip;<\/p>\n","protected":false},"author":1,"featured_media":0,"parent":0,"menu_order":0,"comment_status":"closed","ping_status":"closed","template":"","meta":{"footnotes":""},"class_list":["post-555","page","type-page","status-publish","hentry","entry","no-media"],"_links":{"self":[{"href":"https:\/\/smc-alumni.ch\/index.php?rest_route=\/wp\/v2\/pages\/555","targetHints":{"allow":["GET"]}}],"collection":[{"href":"https:\/\/smc-alumni.ch\/index.php?rest_route=\/wp\/v2\/pages"}],"about":[{"href":"https:\/\/smc-alumni.ch\/index.php?rest_route=\/wp\/v2\/types\/page"}],"author":[{"embeddable":true,"href":"https:\/\/smc-alumni.ch\/index.php?rest_route=\/wp\/v2\/users\/1"}],"replies":[{"embeddable":true,"href":"https:\/\/smc-alumni.ch\/index.php?rest_route=%2Fwp%2Fv2%2Fcomments&post=555"}],"version-history":[{"count":25,"href":"https:\/\/smc-alumni.ch\/index.php?rest_route=\/wp\/v2\/pages\/555\/revisions"}],"predecessor-version":[{"id":738,"href":"https:\/\/smc-alumni.ch\/index.php?rest_route=\/wp\/v2\/pages\/555\/revisions\/738"}],"wp:attachment":[{"href":"https:\/\/smc-alumni.ch\/index.php?rest_route=%2Fwp%2Fv2%2Fmedia&parent=555"}],"curies":[{"name":"wp","href":"https:\/\/api.w.org\/{rel}","templated":true}]}}