{"id":608,"date":"2024-12-04T14:24:15","date_gmt":"2024-12-04T13:24:15","guid":{"rendered":"https:\/\/smc-alumni.ch\/?page_id=608"},"modified":"2026-03-09T00:12:29","modified_gmt":"2026-03-08T23:12:29","slug":"smc-alumni-3","status":"publish","type":"page","link":"https:\/\/smc-alumni.ch\/?page_id=608","title":{"rendered":"\u00c9v\u00e9nements"},"content":{"rendered":"<div class=\"wpb-content-wrapper\">[vc_row full_height=\u00a0\u00bbyes\u00a0\u00bb css=\u00a0\u00bb.vc_custom_1733326567501{background-color: rgba(255,255,255,0.8) !important;*background-color: rgb(255,255,255) !important;}\u00a0\u00bb][vc_column][vc_row_inner css=\u00a0\u00bb.vc_custom_1733272043216{padding-right: 40px !important;padding-left: 40px !important;}\u00a0\u00bb][vc_column_inner]<div class=\"vcex-spacing wpex-w-100 wpex-clear\"><\/div>[vc_column_text css=\u00a0\u00bb\u00a0\u00bb]\n<h1><span class=\"wpex-text-2xl\">\u00c9v\u00e9nements SMC ALUMNI<\/span><\/h1>\n[\/vc_column_text]<div class=\"vcex-spacing wpex-w-100 wpex-clear\"><\/div>[vc_column_text css=\u00a0\u00bb\u00a0\u00bb]\n<p style=\"text-align: justify;\"><span class=\"wpex-text-lg\">L&rsquo;association SMC ALUMNI organise des \u00e9v\u00e9nements aussi bien au niveau r\u00e9gional qu&rsquo;au niveau national.<\/span><\/p>\n<p style=\"text-align: justify;\"><span class=\"wpex-text-lg\">Les r\u00e9gions de Zurich, B\u00e2le et Berne &amp; Romandie ont chacune un groupe WhatsApp auxquels tous les membres SMC ALUMNI sont invit\u00e9s \u00e0 participer, quand bien m\u00eame ils ne vivent pas dans ladite r\u00e9gion. Ces groupes organisent des rencontres r\u00e9gionales, qui vont de la visite d&rsquo;un march\u00e9 de No\u00ebl \u00e0 un repas convivial un soir de semaine. Si vous \u00eates membre SMC ALUMNI et souhaitez rejoindre un ou plusieurs groupes, <a href=\"mailto:info@smc-alumni.ch\">\u00e9crivez-nous<\/a>.<br \/>\n<\/span><\/p>\n<p style=\"text-align: justify;\"><span class=\"wpex-text-lg\">En parall\u00e8le de ces rencontres r\u00e9gionales, le comit\u00e9 organise chaque ann\u00e9e au moins deux rencontres nationales, \u00e0 savoir la participation \u00e0 l&rsquo;ap\u00e9ritif d&rsquo;ouverture de la phase orale du Swiss Moot Court et le Summer Event.<\/span><\/p>\n<p style=\"text-align: justify;\"><span class=\"wpex-text-lg\">Tous les membres de l&rsquo;association sont convi\u00e9s \u00e0 chacun des \u00e9v\u00e9nements. Ils sont une excellente occasion de se rencontrer, mais surtout une opportunit\u00e9 de perp\u00e9tuer l&rsquo;esprit du Swiss Moot Court.<\/span><\/p>\n<p style=\"text-align: justify;\"><span class=\"wpex-text-lg\">Toutes les photos prises lors des \u00e9v\u00e9nements sont disponibles sur le site internet. Le mot de passe pour acc\u00e9der aux photos est envoy\u00e9 individuellement \u00e0 chaque membre ayant pris part \u00e0 l&rsquo;\u00e9v\u00e9nement. Si vous avez particip\u00e9 \u00e0 un \u00e9v\u00e9nement ci-dessous et n&rsquo;avez pas re\u00e7u de mot de passe, n&rsquo;h\u00e9sitez pas \u00e0 <a href=\"mailto:info@smc-alumni.ch\">nous \u00e9crire<\/a>.<br \/>\n<\/span>[\/vc_column_text]<div class=\"vcex-spacing wpex-w-100 wpex-clear\" style=\"height:35px;\"><\/div>[vc_separator css=\u00a0\u00bb.vc_custom_1733316487480{background-color: #b5b5b5 !important;}\u00a0\u00bb][vc_column_text css=\u00a0\u00bb\u00a0\u00bb color=\u00a0\u00bb#000000&Prime;]\n<h1><strong><span class=\"wpex-text-2xl\">Prochain(s) \u00e9v\u00e9nement(s)<\/span><\/strong><\/h1>\n[\/vc_column_text]<!=========Events list Template 2.6.2=========><div id=\"ect-events-list-content\"><div id=\"list-wrp\" class=\"ect-list-wrapper all\"><div id=\"event-781\" class=\"ect-list-post style-1 ect-simple-event future\"><div class=\"ect-list-post-left \">\n\t\t\t\t<div class=\"ect-list-img\" style=\"background-image:url(&#039;https:\/\/smc-alumni.ch\/wp-content\/uploads\/2025\/12\/Tribunal-federal-1-1024x465.jpg&#039;);background-size:cover;\"><a href=\"https:\/\/smc-alumni.ch\/?tribe_events=visite-du-tribunal-federal\" alt=\"Visite du Tribunal f\u00e9d\u00e9ral\" rel=\"bookmark\"><div class=\"ect-list-date\"><div class=\"ect-date-area default-schedule\"><span class=\"ev-day\">17<\/span>\n\t\t\t\t\t<span class=\"ev-mo\">avril<\/span>\n\t\t\t\t\t<span class=\"ev-yr\">2026<\/span><\/div><\/div><\/a><\/div><\/div><!-- left-post close --><div class=\"ect-list-post-right\">\n\t\t\t\t<div class=\"ect-list-post-right-table\"><div class=\"ect-list-description\" style=\"width:100%;\"><h2 class=\"ect-list-title\"><a class=\"ect-event-url\" href=\"https:\/\/smc-alumni.ch\/?tribe_events=visite-du-tribunal-federal\" rel=\"bookmark\">Visite du Tribunal f\u00e9d\u00e9ral<\/a><\/h2><!-- Event Content --><div class=\"ect-event-content\"><p>Le Swiss Moot Court a toujours pu s'enorgueillir du lien tr\u00e8s particulier qu'il entretient avec la plus haute juridiction helv\u00e9tique : le Tribunal f\u00e9d\u00e9ral. En effet,le jury du Swiss Moot&hellip;<\/p>\n<\/div><a href=\"https:\/\/smc-alumni.ch\/?tribe_events=visite-du-tribunal-federal\" class=\"ect-events-read-more\" rel=\"bookmark\">Inscription \/ Anmeldung<\/a><\/div><\/div><\/div><!-- right-wrapper close --><\/div><!-- event-loop-end --><\/div><\/div>[\/vc_column_inner][\/vc_row_inner][\/vc_column][\/vc_row][vc_section css=\u00a0\u00bb.vc_custom_1733057331351{background-color: #2b3577 !important;}\u00a0\u00bb][vc_row full_width=\u00a0\u00bbstretch_row\u00a0\u00bb css=\u00a0\u00bb.vc_custom_1733056573673{background-color: #2b3577 !important;}\u00a0\u00bb][vc_column]<div class=\"vcex-spacing wpex-w-100 wpex-clear\" style=\"height:30px;\"><\/div>[vc_column_text css=\u00a0\u00bb\u00a0\u00bb color=\u00a0\u00bb#ffffff\u00a0\u00bb]\n<h1 style=\"text-align: center;\"><strong><span class=\"wpex-text-2xl\">Pr\u00e9c\u00e9dents \u00e9v\u00e9nements<\/span><br \/>\n<\/strong><\/h1>\n[\/vc_column_text]<div class=\"vcex-spacing wpex-w-100 wpex-clear\" style=\"height:40px;\"><\/div>[vc_column_text css=\u00a0\u00bb\u00a0\u00bb letter_spacing=\u00a0\u00bbwide\u00a0\u00bb font_weight=\u00a0\u00bb600&Prime; color=\u00a0\u00bb#ffffff\u00a0\u00bb]\n<p style=\"text-align: center;\"><span class=\"wpex-text-xl\">19 f\u00e9vrier 2026, participation \u00e0 l&rsquo;ap\u00e9ritif SMC \u00e0 Lucerne<\/span><\/p>\n<p style=\"text-align: center;\"><span class=\"wpex-text-xl\">19 juillet 2025, visite guid\u00e9e de la ville de Lucerne et ap\u00e9ritif (<a href=\"https:\/\/smc-alumni.ch\/?page_id=753\">photos<\/a>)<\/span><\/p>\n<p style=\"text-align: center;\"><span class=\"wpex-text-xl\">13 f\u00e9vrier 2025, participation \u00e0 l&rsquo;ap\u00e9ritif SMC \u00e0 Lucerne<\/span><\/p>\n<p style=\"text-align: center;\"><span class=\"wpex-text-xl\">24 ao\u00fbt 2024, visite guid\u00e9e de la ville de Berne et ap\u00e9ritif (<a href=\"https:\/\/smc-alumni.ch\/?page_id=206\" target=\"_blank\" rel=\"noopener\">photos<\/a>)<\/span><\/p>\n<p style=\"text-align: center;\"><span class=\"wpex-text-xl\">15 f\u00e9vrier 2024, participation \u00e0 l&rsquo;ap\u00e9ritif SMC \u00e0 Lucerne<\/span><\/p>\n<p style=\"text-align: center;\"><span class=\"wpex-text-xl\">29 juillet 2023, r\u00e9union et ap\u00e9ritif \u00e0 Winterthur (<a href=\"https:\/\/smc-alumni.ch\/?tribe_events=summer-event-2026-lucerne\" target=\"_blank\" rel=\"noopener\">photos<\/a>)<\/span><\/p>\n<p style=\"text-align: center;\"><span class=\"wpex-text-xl\">9 f\u00e9vrier 2023, participation \u00e0 l&rsquo;ap\u00e9ritif SMC \u00e0 Lucerne<\/span><\/p>\n<p style=\"text-align: center;\"><span class=\"wpex-text-xl\">13 ao\u00fbt 2022, visite et ap\u00e9ritif au Domaine du Daley \u00e0 Lutry (<a href=\"https:\/\/smc-alumni.ch\/?page_id=70\" target=\"_blank\" rel=\"noopener\">photos<\/a>)<\/span><\/p>\n[\/vc_column_text]<div class=\"vcex-spacing wpex-w-100 wpex-clear\" style=\"height:30px;\"><\/div>[\/vc_column][\/vc_row][\/vc_section][vc_section full_width=\u00a0\u00bbstretch_row\u00a0\u00bb css=\u00a0\u00bb.vc_custom_1733058967624{background-color: #4c4c4c !important;}\u00a0\u00bb][vc_row][vc_column]<div class=\"vcex-spacing wpex-w-100 wpex-clear\" style=\"height:45px;\"><\/div><div class=\"vcex-spacing wpex-w-100 wpex-clear\"><\/div><div class=\"vcex-image-grid-wrap wpex-clr\"><div class=\"vcex-module vcex-image-grid vcex-justified-gallery wpex-clr wpex-lightbox-group\" data-justified-gallery=\"{&quot;selector&quot;:&quot;vcex-image-grid-entry&quot;,&quot;margins&quot;:5,&quot;rowHeight&quot;:200,&quot;lastRow&quot;:&quot;center&quot;,&quot;captions&quot;:false}\"><div class=\"id-19 vcex-image-grid-entry vcex-grid-item textcenter\"><figure class=\"vcex-image-grid-entry-figure wpex-last-mb-0 wpex-clr\"><div class=\"vcex-image-grid-entry-img entry-media wpex-mb-20\"><a href=\"https:\/\/smc-alumni.ch\/wp-content\/uploads\/2022\/05\/IMG_0701-scaled.jpeg\" class=\"vcex-image-grid-entry-link wpex-lightbox-group-item\" ><img width=\"2560\" height=\"1920\" src=\"https:\/\/smc-alumni.ch\/wp-content\/uploads\/2022\/05\/IMG_0701-scaled.jpeg\" class=\"wpex-align-middle skip-lazy\" alt=\"\" data-no-lazy=\"1\" srcset=\"https:\/\/smc-alumni.ch\/wp-content\/uploads\/2022\/05\/IMG_0701-scaled.jpeg 2560w, https:\/\/smc-alumni.ch\/wp-content\/uploads\/2022\/05\/IMG_0701-300x225.jpeg 300w, https:\/\/smc-alumni.ch\/wp-content\/uploads\/2022\/05\/IMG_0701-1024x768.jpeg 1024w, https:\/\/smc-alumni.ch\/wp-content\/uploads\/2022\/05\/IMG_0701-768x576.jpeg 768w, https:\/\/smc-alumni.ch\/wp-content\/uploads\/2022\/05\/IMG_0701-1536x1152.jpeg 1536w, https:\/\/smc-alumni.ch\/wp-content\/uploads\/2022\/05\/IMG_0701-2048x1536.jpeg 2048w\" sizes=\"(max-width: 2560px) 100vw, 2560px\" \/><\/a><\/div><\/figure><\/div><div class=\"id-82 vcex-image-grid-entry vcex-grid-item textcenter\"><figure class=\"vcex-image-grid-entry-figure wpex-last-mb-0 wpex-clr\"><div class=\"vcex-image-grid-entry-img entry-media wpex-mb-20\"><a href=\"https:\/\/smc-alumni.ch\/wp-content\/uploads\/2022\/08\/DSCF5838.jpeg\" class=\"vcex-image-grid-entry-link wpex-lightbox-group-item\" ><img width=\"854\" height=\"1280\" src=\"https:\/\/smc-alumni.ch\/wp-content\/uploads\/2022\/08\/DSCF5838.jpeg\" class=\"wpex-align-middle skip-lazy\" alt=\"\" data-no-lazy=\"1\" srcset=\"https:\/\/smc-alumni.ch\/wp-content\/uploads\/2022\/08\/DSCF5838.jpeg 854w, https:\/\/smc-alumni.ch\/wp-content\/uploads\/2022\/08\/DSCF5838-200x300.jpeg 200w, https:\/\/smc-alumni.ch\/wp-content\/uploads\/2022\/08\/DSCF5838-683x1024.jpeg 683w, https:\/\/smc-alumni.ch\/wp-content\/uploads\/2022\/08\/DSCF5838-768x1151.jpeg 768w\" sizes=\"(max-width: 854px) 100vw, 854px\" \/><\/a><\/div><\/figure><\/div><div class=\"id-78 vcex-image-grid-entry vcex-grid-item textcenter\"><figure class=\"vcex-image-grid-entry-figure wpex-last-mb-0 wpex-clr\"><div class=\"vcex-image-grid-entry-img entry-media wpex-mb-20\"><a href=\"https:\/\/smc-alumni.ch\/wp-content\/uploads\/2022\/08\/DSCF5692.jpeg\" class=\"vcex-image-grid-entry-link wpex-lightbox-group-item\" ><img width=\"1280\" height=\"854\" src=\"https:\/\/smc-alumni.ch\/wp-content\/uploads\/2022\/08\/DSCF5692.jpeg\" class=\"wpex-align-middle skip-lazy\" alt=\"\" data-no-lazy=\"1\" srcset=\"https:\/\/smc-alumni.ch\/wp-content\/uploads\/2022\/08\/DSCF5692.jpeg 1280w, https:\/\/smc-alumni.ch\/wp-content\/uploads\/2022\/08\/DSCF5692-300x200.jpeg 300w, https:\/\/smc-alumni.ch\/wp-content\/uploads\/2022\/08\/DSCF5692-1024x683.jpeg 1024w, https:\/\/smc-alumni.ch\/wp-content\/uploads\/2022\/08\/DSCF5692-768x512.jpeg 768w\" sizes=\"(max-width: 1280px) 100vw, 1280px\" \/><\/a><\/div><\/figure><\/div><div class=\"id-88 vcex-image-grid-entry vcex-grid-item textcenter\"><figure class=\"vcex-image-grid-entry-figure wpex-last-mb-0 wpex-clr\"><div class=\"vcex-image-grid-entry-img entry-media wpex-mb-20\"><a href=\"https:\/\/smc-alumni.ch\/wp-content\/uploads\/2022\/08\/DSCF5969.jpeg\" class=\"vcex-image-grid-entry-link wpex-lightbox-group-item\" ><img width=\"854\" height=\"1280\" src=\"https:\/\/smc-alumni.ch\/wp-content\/uploads\/2022\/08\/DSCF5969.jpeg\" class=\"wpex-align-middle skip-lazy\" alt=\"\" data-no-lazy=\"1\" srcset=\"https:\/\/smc-alumni.ch\/wp-content\/uploads\/2022\/08\/DSCF5969.jpeg 854w, https:\/\/smc-alumni.ch\/wp-content\/uploads\/2022\/08\/DSCF5969-200x300.jpeg 200w, https:\/\/smc-alumni.ch\/wp-content\/uploads\/2022\/08\/DSCF5969-683x1024.jpeg 683w, https:\/\/smc-alumni.ch\/wp-content\/uploads\/2022\/08\/DSCF5969-768x1151.jpeg 768w\" sizes=\"(max-width: 854px) 100vw, 854px\" \/><\/a><\/div><\/figure><\/div><div class=\"id-99 vcex-image-grid-entry vcex-grid-item textcenter\"><figure class=\"vcex-image-grid-entry-figure wpex-last-mb-0 wpex-clr\"><div class=\"vcex-image-grid-entry-img entry-media wpex-mb-20\"><a href=\"https:\/\/smc-alumni.ch\/wp-content\/uploads\/2022\/08\/DSCF6443.jpeg\" class=\"vcex-image-grid-entry-link wpex-lightbox-group-item\" ><img width=\"854\" height=\"1280\" src=\"https:\/\/smc-alumni.ch\/wp-content\/uploads\/2022\/08\/DSCF6443.jpeg\" class=\"wpex-align-middle skip-lazy\" alt=\"\" data-no-lazy=\"1\" srcset=\"https:\/\/smc-alumni.ch\/wp-content\/uploads\/2022\/08\/DSCF6443.jpeg 854w, https:\/\/smc-alumni.ch\/wp-content\/uploads\/2022\/08\/DSCF6443-200x300.jpeg 200w, https:\/\/smc-alumni.ch\/wp-content\/uploads\/2022\/08\/DSCF6443-683x1024.jpeg 683w, https:\/\/smc-alumni.ch\/wp-content\/uploads\/2022\/08\/DSCF6443-768x1151.jpeg 768w\" sizes=\"(max-width: 854px) 100vw, 854px\" \/><\/a><\/div><\/figure><\/div><div class=\"id-143 vcex-image-grid-entry vcex-grid-item textcenter\"><figure class=\"vcex-image-grid-entry-figure wpex-last-mb-0 wpex-clr\"><div class=\"vcex-image-grid-entry-img entry-media wpex-mb-20\"><a href=\"https:\/\/smc-alumni.ch\/wp-content\/uploads\/2022\/10\/DSCF6860-scaled.jpg\" class=\"vcex-image-grid-entry-link wpex-lightbox-group-item\" ><img width=\"2560\" height=\"1706\" src=\"https:\/\/smc-alumni.ch\/wp-content\/uploads\/2022\/10\/DSCF6860-scaled.jpg\" class=\"wpex-align-middle skip-lazy\" alt=\"\" data-no-lazy=\"1\" srcset=\"https:\/\/smc-alumni.ch\/wp-content\/uploads\/2022\/10\/DSCF6860-scaled.jpg 2560w, https:\/\/smc-alumni.ch\/wp-content\/uploads\/2022\/10\/DSCF6860-300x200.jpg 300w, https:\/\/smc-alumni.ch\/wp-content\/uploads\/2022\/10\/DSCF6860-1024x683.jpg 1024w, https:\/\/smc-alumni.ch\/wp-content\/uploads\/2022\/10\/DSCF6860-768x512.jpg 768w, https:\/\/smc-alumni.ch\/wp-content\/uploads\/2022\/10\/DSCF6860-1536x1024.jpg 1536w, https:\/\/smc-alumni.ch\/wp-content\/uploads\/2022\/10\/DSCF6860-2048x1365.jpg 2048w\" sizes=\"(max-width: 2560px) 100vw, 2560px\" \/><\/a><\/div><\/figure><\/div><div class=\"id-174 vcex-image-grid-entry vcex-grid-item textcenter\"><figure class=\"vcex-image-grid-entry-figure wpex-last-mb-0 wpex-clr\"><div class=\"vcex-image-grid-entry-img entry-media wpex-mb-20\"><a href=\"https:\/\/smc-alumni.ch\/wp-content\/uploads\/2023\/08\/IMG_7871-scaled.jpg\" class=\"vcex-image-grid-entry-link wpex-lightbox-group-item\" ><img width=\"2560\" height=\"1707\" src=\"https:\/\/smc-alumni.ch\/wp-content\/uploads\/2023\/08\/IMG_7871-scaled.jpg\" class=\"wpex-align-middle skip-lazy\" alt=\"\" data-no-lazy=\"1\" srcset=\"https:\/\/smc-alumni.ch\/wp-content\/uploads\/2023\/08\/IMG_7871-scaled.jpg 2560w, https:\/\/smc-alumni.ch\/wp-content\/uploads\/2023\/08\/IMG_7871-300x200.jpg 300w, https:\/\/smc-alumni.ch\/wp-content\/uploads\/2023\/08\/IMG_7871-1024x683.jpg 1024w, https:\/\/smc-alumni.ch\/wp-content\/uploads\/2023\/08\/IMG_7871-768x512.jpg 768w, https:\/\/smc-alumni.ch\/wp-content\/uploads\/2023\/08\/IMG_7871-1536x1024.jpg 1536w, https:\/\/smc-alumni.ch\/wp-content\/uploads\/2023\/08\/IMG_7871-2048x1365.jpg 2048w\" sizes=\"(max-width: 2560px) 100vw, 2560px\" \/><\/a><\/div><\/figure><\/div><div class=\"id-178 vcex-image-grid-entry vcex-grid-item textcenter\"><figure class=\"vcex-image-grid-entry-figure wpex-last-mb-0 wpex-clr\"><div class=\"vcex-image-grid-entry-img entry-media wpex-mb-20\"><a href=\"https:\/\/smc-alumni.ch\/wp-content\/uploads\/2023\/08\/IMG_7898-scaled.jpg\" class=\"vcex-image-grid-entry-link wpex-lightbox-group-item\" ><img width=\"2560\" height=\"1707\" src=\"https:\/\/smc-alumni.ch\/wp-content\/uploads\/2023\/08\/IMG_7898-scaled.jpg\" class=\"wpex-align-middle skip-lazy\" alt=\"\" data-no-lazy=\"1\" srcset=\"https:\/\/smc-alumni.ch\/wp-content\/uploads\/2023\/08\/IMG_7898-scaled.jpg 2560w, https:\/\/smc-alumni.ch\/wp-content\/uploads\/2023\/08\/IMG_7898-300x200.jpg 300w, https:\/\/smc-alumni.ch\/wp-content\/uploads\/2023\/08\/IMG_7898-1024x683.jpg 1024w, https:\/\/smc-alumni.ch\/wp-content\/uploads\/2023\/08\/IMG_7898-768x512.jpg 768w, https:\/\/smc-alumni.ch\/wp-content\/uploads\/2023\/08\/IMG_7898-1536x1024.jpg 1536w, https:\/\/smc-alumni.ch\/wp-content\/uploads\/2023\/08\/IMG_7898-2048x1365.jpg 2048w\" sizes=\"(max-width: 2560px) 100vw, 2560px\" \/><\/a><\/div><\/figure><\/div><div class=\"id-184 vcex-image-grid-entry vcex-grid-item textcenter\"><figure class=\"vcex-image-grid-entry-figure wpex-last-mb-0 wpex-clr\"><div class=\"vcex-image-grid-entry-img entry-media wpex-mb-20\"><a href=\"https:\/\/smc-alumni.ch\/wp-content\/uploads\/2023\/08\/IMG_7965-scaled.jpg\" class=\"vcex-image-grid-entry-link wpex-lightbox-group-item\" ><img width=\"2560\" height=\"1707\" src=\"https:\/\/smc-alumni.ch\/wp-content\/uploads\/2023\/08\/IMG_7965-scaled.jpg\" class=\"wpex-align-middle skip-lazy\" alt=\"\" data-no-lazy=\"1\" srcset=\"https:\/\/smc-alumni.ch\/wp-content\/uploads\/2023\/08\/IMG_7965-scaled.jpg 2560w, https:\/\/smc-alumni.ch\/wp-content\/uploads\/2023\/08\/IMG_7965-300x200.jpg 300w, https:\/\/smc-alumni.ch\/wp-content\/uploads\/2023\/08\/IMG_7965-1024x683.jpg 1024w, https:\/\/smc-alumni.ch\/wp-content\/uploads\/2023\/08\/IMG_7965-768x512.jpg 768w, https:\/\/smc-alumni.ch\/wp-content\/uploads\/2023\/08\/IMG_7965-1536x1024.jpg 1536w, https:\/\/smc-alumni.ch\/wp-content\/uploads\/2023\/08\/IMG_7965-2048x1365.jpg 2048w\" sizes=\"(max-width: 2560px) 100vw, 2560px\" \/><\/a><\/div><\/figure><\/div><div class=\"id-226 vcex-image-grid-entry vcex-grid-item textcenter\"><figure class=\"vcex-image-grid-entry-figure wpex-last-mb-0 wpex-clr\"><div class=\"vcex-image-grid-entry-img entry-media wpex-mb-20\"><a href=\"https:\/\/smc-alumni.ch\/wp-content\/uploads\/2024\/08\/SMC-ALUMNI-Summerevent-22-scaled.jpg\" class=\"vcex-image-grid-entry-link wpex-lightbox-group-item\" ><img width=\"1920\" height=\"2560\" src=\"https:\/\/smc-alumni.ch\/wp-content\/uploads\/2024\/08\/SMC-ALUMNI-Summerevent-22-scaled.jpg\" class=\"wpex-align-middle skip-lazy\" alt=\"\" data-no-lazy=\"1\" srcset=\"https:\/\/smc-alumni.ch\/wp-content\/uploads\/2024\/08\/SMC-ALUMNI-Summerevent-22-scaled.jpg 1920w, https:\/\/smc-alumni.ch\/wp-content\/uploads\/2024\/08\/SMC-ALUMNI-Summerevent-22-225x300.jpg 225w, https:\/\/smc-alumni.ch\/wp-content\/uploads\/2024\/08\/SMC-ALUMNI-Summerevent-22-768x1024.jpg 768w, https:\/\/smc-alumni.ch\/wp-content\/uploads\/2024\/08\/SMC-ALUMNI-Summerevent-22-1152x1536.jpg 1152w, https:\/\/smc-alumni.ch\/wp-content\/uploads\/2024\/08\/SMC-ALUMNI-Summerevent-22-1536x2048.jpg 1536w\" sizes=\"(max-width: 1920px) 100vw, 1920px\" \/><\/a><\/div><\/figure><\/div><div class=\"id-228 vcex-image-grid-entry vcex-grid-item textcenter\"><figure class=\"vcex-image-grid-entry-figure wpex-last-mb-0 wpex-clr\"><div class=\"vcex-image-grid-entry-img entry-media wpex-mb-20\"><a href=\"https:\/\/smc-alumni.ch\/wp-content\/uploads\/2024\/08\/SMC-ALUMNI-Summerevent-24-scaled.jpg\" class=\"vcex-image-grid-entry-link wpex-lightbox-group-item\" ><img width=\"2560\" height=\"1920\" src=\"https:\/\/smc-alumni.ch\/wp-content\/uploads\/2024\/08\/SMC-ALUMNI-Summerevent-24-scaled.jpg\" class=\"wpex-align-middle skip-lazy\" alt=\"\" data-no-lazy=\"1\" srcset=\"https:\/\/smc-alumni.ch\/wp-content\/uploads\/2024\/08\/SMC-ALUMNI-Summerevent-24-scaled.jpg 2560w, https:\/\/smc-alumni.ch\/wp-content\/uploads\/2024\/08\/SMC-ALUMNI-Summerevent-24-300x225.jpg 300w, https:\/\/smc-alumni.ch\/wp-content\/uploads\/2024\/08\/SMC-ALUMNI-Summerevent-24-1024x768.jpg 1024w, https:\/\/smc-alumni.ch\/wp-content\/uploads\/2024\/08\/SMC-ALUMNI-Summerevent-24-768x576.jpg 768w, https:\/\/smc-alumni.ch\/wp-content\/uploads\/2024\/08\/SMC-ALUMNI-Summerevent-24-1536x1152.jpg 1536w, https:\/\/smc-alumni.ch\/wp-content\/uploads\/2024\/08\/SMC-ALUMNI-Summerevent-24-2048x1536.jpg 2048w\" sizes=\"(max-width: 2560px) 100vw, 2560px\" \/><\/a><\/div><\/figure><\/div><\/div><\/div><div class=\"vcex-spacing wpex-w-100 wpex-clear\" style=\"height:45px;\"><\/div>[\/vc_column][\/vc_row][\/vc_section]\n<\/div>","protected":false},"excerpt":{"rendered":"<p>[vc_row full_height=\u00a0\u00bbyes\u00a0\u00bb css=\u00a0\u00bb.vc_custom_1733326567501{background-color: rgba(255,255,255,0.8) !important;*background-color: rgb(255,255,255) !important;}\u00a0\u00bb][vc_column][vc_row_inner css=\u00a0\u00bb.vc_custom_1733272043216{padding-right: 40px !important;padding-left: 40px !important;}\u00a0\u00bb][vc_column_inner][vc_column_text css=\u00a0\u00bb\u00a0\u00bb] \u00c9v\u00e9nements SMC ALUMNI [\/vc_column_text][vc_column_text css=\u00a0\u00bb\u00a0\u00bb] L&rsquo;association SMC ALUMNI organise des \u00e9v\u00e9nements aussi bien au niveau r\u00e9gional qu&rsquo;au&hellip;<\/p>\n","protected":false},"author":1,"featured_media":0,"parent":0,"menu_order":0,"comment_status":"closed","ping_status":"closed","template":"","meta":{"footnotes":""},"class_list":["post-608","page","type-page","status-publish","hentry","entry","no-media"],"_links":{"self":[{"href":"https:\/\/smc-alumni.ch\/index.php?rest_route=\/wp\/v2\/pages\/608","targetHints":{"allow":["GET"]}}],"collection":[{"href":"https:\/\/smc-alumni.ch\/index.php?rest_route=\/wp\/v2\/pages"}],"about":[{"href":"https:\/\/smc-alumni.ch\/index.php?rest_route=\/wp\/v2\/types\/page"}],"author":[{"embeddable":true,"href":"https:\/\/smc-alumni.ch\/index.php?rest_route=\/wp\/v2\/users\/1"}],"replies":[{"embeddable":true,"href":"https:\/\/smc-alumni.ch\/index.php?rest_route=%2Fwp%2Fv2%2Fcomments&post=608"}],"version-history":[{"count":25,"href":"https:\/\/smc-alumni.ch\/index.php?rest_route=\/wp\/v2\/pages\/608\/revisions"}],"predecessor-version":[{"id":812,"href":"https:\/\/smc-alumni.ch\/index.php?rest_route=\/wp\/v2\/pages\/608\/revisions\/812"}],"wp:attachment":[{"href":"https:\/\/smc-alumni.ch\/index.php?rest_route=%2Fwp%2Fv2%2Fmedia&parent=608"}],"curies":[{"name":"wp","href":"https:\/\/api.w.org\/{rel}","templated":true}]}}